300 a multiple of 30?
False
Is 8 a factor of 336?
True
Does 2 divide 23781?
False
Is 1435 a multiple of 35?
True
Is 2793 even?
False
Does 47 divide 38540?
True
Does 19 divide 44?
False
Does 14 divide 620?
False
Does 12 divide 29628?
True
Does 21 divide 210?
True
Is 2163 a multiple of 6?
False
Is 1500 a multiple of 30?
True
Does 5 divide 2175?
True
Is 193 a multiple of 7?
False
Is 610 a multiple of 10?
True
Is 1470 a multiple of 105?
True
Does 35 divide 35089?
False
Is 5997 a multiple of 7?
False
Is 26 a factor of 8630?
False
Is 3 even?
False
Is 60 a factor of 70920?
True
Is 45 a factor of 19530?
True
Is 47 a factor of 10810?
True
Is 9 a factor of 46665?
True
Is 708 a multiple of 3?
True
Is 54 a factor of 1674?
True
Is 10389 a multiple of 23?
False
Does 34 divide 287?
False
Is 13 a factor of 1482?
True
Is 1491 a multiple of 21?
True
Does 16 divide 10994?
False
Is 2596 a multiple of 44?
True
Does 21 divide 735?
True
Is 17 a factor of 827?
False
Does 19 divide 1495?
False
Is 24 a factor of 323?
False
Does 41 divide 98?
False
Is 32 a factor of 1052?
False
Does 68 divide 35836?
True
Is 1980 a multiple of 22?
True
Does 60 divide 180?
True
Is 42 a factor of 2226?
True
Is 96 a multiple of 88?
False
Is 3538 a multiple of 22?
False
Is 845 a multiple of 65?
True
Is 7378 a multiple of 200?
False
Does 40 divide 4494?
False
Is 12 a factor of 480?
True
Is 11 a factor of 209?
True
Is 83 a factor of 26470?
False
Does 14 divide 16847?
False
Is 15686 a multiple of 31?
True
Is 574 a multiple of 41?
True
Does 15 divide 2655?
True
Is 39 a factor of 8346?
True
Is 2175 a multiple of 47?
False
Does 55 divide 15840?
True
Is 80 a factor of 817?
False
Does 17 divide 136?
True
Is 67 a factor of 24790?
True
Is 168478 a multiple of 69?
False
Is 2452 a multiple of 11?
False
Is 16046 a multiple of 14?
False
Is 14 a factor of 22338?
False
Is 1502 a multiple of 21?
False
Does 34 divide 12040?
False
Is 1299 a multiple of 6?
False
Is 170 a multiple of 17?
True
Is 1503 a multiple of 4?
False
Is 34 a factor of 581?
False
Does 29 divide 464?
True
Is 699 a multiple of 11?
False
Is 2354 a multiple of 26?
False
Is 45 a factor of 40897?
False
Is 74 a factor of 7548?
True
Is 82192 a multiple of 44?
True
Is 23 a factor of 1081?
True
Is 6366 a multiple of 8?
False
Is 36 a factor of 39072?
False
Is 10263 a multiple of 33?
True
Does 5 divide 750?
True
Is 89 a factor of 712?
True
Does 37 divide 333?
True
Is 52 a factor of 3641?
False
Is 274 a factor of 24348?
False
Is 7250 a multiple of 16?
False
Does 35 divide 35?
True
Is 39 a factor of 1443?
True
Does 36 divide 612?
True
Is 5 a factor of 9861?
False
Does 16 divide 24688?
True
Is 4 a factor of 560?
True
Is 8767 a multiple of 118?
False
Does 8 divide 37?
False
Is 5874 a multiple of 89?
True
Is 2 a factor of 1618?
True
Is 9 a factor of 2019?
False
Does 245 divide 42889?
False
Is 1080 a multiple of 12?
True
Is 17 a factor of 18181?
False
Is 42 a factor of 47628?
True
Does 11 divide 3487?
True
Does 12 divide 51780?
True
Is 2292 a multiple of 12?
True
Is 12 a factor of 1524?
True
Does 27 divide 6075?
True
Is 12699 a multiple of 50?
False
Does 59 divide 2478?
True
Is 28832 a multiple of 136?
True
Is 129 a factor of 1935?
True
Is 2262 a multiple of 87?
True
Is 6 a factor of 1050?
True
Does 171 divide 79515?
True
Is 23 a factor of 9166?
False
Is 97 a factor of 4268?
True
Does 9 divide 5220?
True
Is 145 a factor of 7341?
False
Is 4312 a multiple of 129?
False
Is 260 a multiple of 11?
False
Does 12 divide 13080?
True
Is 206 a multiple of 29?
False
Is 975 a multiple of 15?
True
Is 1620 a multiple of 21?
False
Is 29 a factor of 388?
False
Is 56 a multiple of 12?
False
Is 832 a multiple of 27?
False
Is 22260 a multiple of 42?
True
Is 3335 a multiple of 145?
True
Does 15 divide 1007?
False
Does 2 divide 77?
False
Is 8 a factor of 129?
False
Is 975 a multiple of 39?
True
Is 1262 a multiple of 22?
False
Does 77 divide 5082?
True
Does 82 divide 11360?
False
Does 9 divide 418?
False
Is 582 a multiple of 3?
True
Is 20175 a multiple of 120?
False
Is 1250 a multiple of 25?
True
Is 23 a factor of 9292?
True
Does 12 divide 5785?
False
Is 216 a multiple of 27?
True
Is 86 a factor of 1441?
False
Is 10 a factor of 1863?
False
Does 3 divide 2871?
True
Is 233 a factor of 18134?
False
Is 226 a factor of 2034?
True
Does 95 divide 12917?
False
Is 19 a factor of 836?
True
Does 26 divide 849?
False
Does 4 divide 4568?
True
Is 14688 a multiple of 27?
True
Does 16 divide 6752?
True
Does 41 divide 1066?
True
Is 470 a multiple of 7?
False
Does 4 divide 4780?
True
Is 12411 a multiple of 21?
True
Does 3 divide 1662?
True
Is 222 a multiple of 54?
False
Is 8 a factor of 441?
False
Is 1128 a multiple of 12?
True
Does 4 divide 105?
False
Is 155916 a multiple of 244?
True
Is 19 a factor of 2166?
True
Does 100 divide 5900?
True
Is 26 a factor of 32578?
True
Is 117 a factor of 24732?
False
Is 31 a factor of 2387?
True
Is 7 a factor of 3236?
False
Does 8 divide 142?
False
Is 209 a multiple of 39?
False
Is 32 a factor of 1216?
True
Is 11 a factor of 3023?
False
Does 9 divide 576?
True
Does 30 divide 690?
True
Is 14 a factor of 1442?
True
Is 112 a factor of 3151?
False
Is 15 a factor of 655?
False
Is 71 a factor of 5566?
False
Is 4982 a multiple of 18?
False
Does 39 divide 978?
False
Is 12771 a multiple of 99?
True
Does 26 divide 943?
False
Is 59 a factor of 2429?
False
Is 8 a factor of 16720?
True
Is 88560 a multiple of 122?
False
Does 16 divide 187?
False
Does 24 divide 720?
True
Does 26 divide 609?
False
Is 4 a factor of 5237?
False
Does 7 divide 366?
False
Is 216 a factor of 14893?
False
Is 6495 a multiple of 29?
False
Does 41 divide 2542?
True
Is 4557 a multiple of 20?
False
Is 15 a factor of 21990?
True
Is 53 a factor of 3786?
False
Does 7 divide 12601?
False
Is 7280 a multiple of 112?
True
Does 40 divide 4037?
False
Is 66 a factor of 26171?
False
Does 25 divide 2018?
False
Does 12 divide 787?
False
Is 147392 a multiple of 56?
True
Is 2376 a multiple of 132?
True
Does 8 divide 2278?
False
Is 43 a factor of 1290?
True
Is 9 even?
False
Does 10 divide 612?
False
Is 44691 a multiple of 13?
False
Does 68 divide 1836?
True
Is 85 a factor of 2890?
True
Is 1875 a multiple of 25?
True
Does 6 divide 9?
False
Does 29 divide 368?
False
Is 14526 a multiple of 11?
False
Is 924 a multiple of 42?
True
Does 86 divide 4568?
False
Is 91 a factor of 8075?
False
Is 53 a factor of 5710?
False
Is 89 a factor of 34821?
False
Does 9 divide 422?
False
Is 7460 a multiple of 72?
False
Is 14 a factor of 180?
False
Is 10791 a multiple of 16?
False
Is 5 a factor of 372?
False
Does 9 divide 333?
True
Is 15726 a multiple of 146?
False
Is 3719 a multiple of 48?
False
Is 55 a factor of 4730?
True
Does 26 divide 82?
False
Is 21 a factor of 4830?
True
Is 4 a factor of 15500?
True
Does 14 divide 159?
False
Is 196 a multiple of 7?
True
Is 49 a factor of 10327?
False
Does 2 divide 33?
False
Is 79 a factor of 3621?
False
Does 10 divide 1300?
True
Does 10 divide 16201?
False
Is 9 a factor of 831?
False
Is 51 a multiple of 17?
True
Does 18 divide 7847?
False
Is 26525 a multiple of 110?
False
Does 24 divide 264?
True
Does 53 divide 1166?
True
Does 10 divide 12440?
True
Does 22 divide 549?
False
Does 18 divide 1717?
False
Is 59 a factor of 13747?
True
Is 20 a factor of 11300?
True
Is 29 a factor of 638?
True
Is 176 a factor of 30448?
True
Is 14 a factor of 11548?
False
Is 63 a multiple of 21?
True
Is 11 a factor of 107?
False
Is 26 a factor of 260?
True
Does 19 divide 969?
True
Does 16 divide 1152?
True
Does 8 divide 336?
True
Does 20 divide 5669?
False
Is 26 a factor of 2522?
True
Is 12 a factor of 3797?
False
Is 42 a factor of 159?
False
Does 5 divide 925?
True
Is 24361 a multiple of 17?
True
Is 48 a factor of 384?
True
Is 12 a factor of 73940?
False
Is 15004 a multiple of 39?
False
Is 747 a multiple of 19?
False
Is 13 a factor of 1009?
False
Is 67 a factor of 23300?
False
Does 16 divide 603?
False
Is 434 a multiple of 3?
False
Does 23 divide 46?
True
Is 19 a factor of 5928?
True
Is 54 a factor of 209?
False
Is 15325 a multiple of 25?
True
Is 831 a multiple of 115?
False
Is 45560 a multiple of 17?
True
Does 19 divide 147?
False
Is 120 a factor of 6960?
True
Is 13510 a multiple of 35?
True
Is 21432 a multiple of 4?
True
D